
38
Let k(o) = -3*o - 42. Let g be (14/(-5))/7 - (-466)/(-10). Let h = 24 + g. Calculate the remainder when 214 is divided by k(h).
25
Suppose -34*q = -36*q + 8626. Suppose 18*i - q = 4381. What is the remainder when i is divided by 97?
95
Let t(v) = 26*v - 46. Let x be t(9). Let b = -180 + x. Calculate the remainder when b is divided by 4.
0
Let w(z) = -2*z**3 - 13*z**2 - 20*z + 11. Let i be (-88)/8 - (1 - 4). Calculate the remainder when w(i) is divided by 52.
51
Let l = -67 + 69. Suppose l*g - 2*i = 4, -5*g - i + 0 = 14. Calculate the remainder when 2*21/(-3)*g is divided by 10.
8
Let x = 1135 + -837. Calculate the remainder when x is divided by 143.
12
Suppose -6*s - s = -28. Suppose 2*l + o = 21 + 40, -12 = -s*o. Suppose -3*w + 3*v + 171 = 0, -2*v = -3*v - 2. Calculate the remainder when w is divided by l.
26
Suppose -11*q + 240 = -3*q. Suppose -k + 193 - 15 = 0. Suppose 0 = -2*r + 4*r - k. Calculate the remainder when r is divided by q.
29
Let i = 21 + -21. Suppose r + n = 2*r + 43, i = -4*n - 12. Let k = 53 + r. What is the remainder when 20 is divided by k?
6
Suppose -3*i = d - 19, 0 = 3*d - 0 + 6. Calculate the remainder when 328 is divided by i.
6
Calculate the remainder when 268 is divided by 13974/60 + (6 - (-3)/(-60)*118).
35
Let r be -3 + 2 - 10/(-2). Suppose 12 = r*w - w + 3*n, 0 = -2*n + 2. Suppose 0 = 2*f + 10, 2*z - 12 = z + f. What is the remainder when z is divided by w?
1
Suppose 255*p = -176*p + 1724. Calculate the remainder when 10274 is divided by p.
2
Suppose -3*w = 5*s - 23, -w - 4 = -0*w. Suppose -2*p = -3*m + 8, -4*p - 3*m + 942 = 904. What is the remainder when s is divided by p?
2
What is the remainder when 2059 is divided by (-212 + 0)*((-19)/4 - -4)?
151
Let x be (-5 + 582/(-10))/((-2)/5). Let d = x - 138. What is the remainder when 134 is divided by d?
14
Suppose 645*t + 9464 = 41069. Suppose q + q = 110. What is the remainder when q is divided by t?
6
Suppose 0 = -2*b - p + 125, -4 = -p - 1. Suppose -2*f = 3*r - 57, 4*r + f = -28 + 119. What is the remainder when b is divided by r?
11
Let l = 32 - -303. Suppose -l = -12*n + 181. What is the remainder when n is divided by 22?
21
Let l(h) = h**3 - 6*h**2 + 7*h - 36. Calculate the remainder when 309 is divided by l(7).
61
Let c(x) = -x**2 + 16*x - 12. Let i be c(15). Let g(a) = 12 - 6*a**i - 2*a**2 - 9*a**3 + 16*a**3 + 2*a. What is the remainder when 34 is divided by g(0)?
10
Suppose -312 = 414*q - 426*q. Suppose -q = -5*s + 29. What is the remainder when s is divided by 7?
4
Suppose -145 + 223 = 3*s + 3*t, 2*t + 80 = 4*s. Calculate the remainder when 571 is divided by s.
21
Suppose 5*n - 803 = 4*d + 269, 5*n - 3*d = 1069. Calculate the remainder when n is divided by 107.
105
Let r(i) = -30*i + 439. Let q(t) = -7*t + 104. Let y(a) = 17*q(a) - 4*r(a). Let n be (1 + 2)/((-6)/20). What is the remainder when 11 is divided by y(n)?
1
Let t be 978/(-4)*-8*1/(-12). Let c = t + 186. Calculate the remainder when 182 is divided by c.
21
Let x(d) be the first derivative of -d**4/4 + 4*d**3/3 - d**2 + 5*d - 73. What is the remainder when 60 is divided by x(3)?
4
Let q = -11 + 9. Suppose 76*f - 18 = 79*f. Calculate the remainder when 30 is divided by 3/(f*q/44).
8
Suppose 0 = 16*v + 3*v + 49*v - 6324. Calculate the remainder when v is divided by 47.
46
Let b = 21 + 12. Let q(f) = 5*f**3 + 86*f**2 - 77*f + 23. What is the remainder when q(-18) is divided by b?
14
Let v(g) = 86*g + 1395. Calculate the remainder when 113 is divided by v(-16).
18
Let u = -462 - -449. Let q be (-56)/5*(-3 + 8). Let v = u - q. Calculate the remainder when v is divided by 9.
7
Let u(l) = -2*l**2 + 2*l + 3. Let q(s) = -2*s**2 + 2*s + 3. Let v(a) = 5*q(a) - 6*u(a). What is the remainder when 113 is divided by v(-5)?
56
Suppose 30*n - 17*n = 14*n - 10. Calculate the remainder when 39 is divided by n.
9
Suppose 44 = o + g, -9*o + 5*g = -10*o + 44. Suppose -q + o = 10*q. What is the remainder when 22 is divided by q?
2
Calculate the remainder when 2338 is divided by (-21)/1386*12 - 774/(-22).
28
Suppose 0 = 16*m - 17929 - 145783. Calculate the remainder when m is divided by 115.
112
Let a be 0 - (1 + 0)*(-1 + -60). Let c = a + -34. What is the remainder when (c/(-78) + 2/(-13))*-214 is divided by 36?
35
Let i = 424 + 635. Calculate the remainder when i is divided by 59.
56
Suppose -19*g = 6*g - 2300. Calculate the remainder when 105 is divided by g.
13
Let g = -37 - -41. Suppose -2*f = 3*f + 2*r - 291, 0 = 5*f - g*r - 273. What is the remainder when 169 is divided by f?
55
Let f(h) = 2*h**3 - 81*h**2 - 45*h + 935. What is the remainder when f(44) is divided by 15?
12
Let b be -4 - 8*1/(-1). Suppose b*w = -4*r + 376, 0 = 5*w - 3*r - 285 - 161. Let a = w + -64. Calculate the remainder when a is divided by 7.
6
Suppose -3*v = -6*p + 5*p - 1671, -5*p = -3*v + 1671. Calculate the remainder when v is divided by 12.
5
Let n = 883 - 622. Let b = 6923 + -6890. What is the remainder when n is divided by b?
30
Let h be 9/(-2)*13/(273/(-14)). Suppose -25 = -5*v, -5*x - 48 = -8*x + h*v. What is the remainder when 74 is divided by x?
11
Let h = -22 - -48. Suppose h = 147*p - 146*p. What is the remainder when 32 is divided by p?
6
What is the remainder when 27578/34 + ((-11385)/391 - -29) is divided by 102?
97
Let s(y) = 2*y**3 - 59*y**2 + 33*y + 64. Calculate the remainder when 4859 is divided by s(29).
179
Suppose 223*j = 229*j + 2640. Let x = 462 + j. Let k = 8 - -56. What is the remainder when k is divided by x?
20
Calculate the remainder when 866 is divided by 21/(-6)*-37 + 321/(-214).
98
Let n = -277 + 271. Let r(b) = 5*b**2 - 7*b + 6. What is the remainder when r(n) is divided by 33?
30
Calculate the remainder when 267 is divided by (2/(-21)*9)/((-46)/161).
0
Suppose -5*y - 64 = -4*r, -5*y = -2*y. Let p(c) = 5*c**2 - 4*c + 26. What is the remainder when p(4) is divided by r?
10
Suppose -2057 = 581*w - 592*w. What is the remainder when w is divided by 77?
33
Suppose 0 = -s + 19 + 1. Let z be (-14 - -16)/(1/64*4). Calculate the remainder when (-1254)/(-16) + (-12)/z is divided by s.
18
Suppose w = -12 - 4. Calculate the remainder when (-201)/(-3618) + (-1079)/(-18) is divided by (-4)/w*-2*-18.
6
Suppose 2*h = -4*p + 32, -2*h + 27 = 2204*p - 2201*p. Let x(l) = -12 + 3*l**3 - 3*l**3 + 6*l + 5*l**2 - l**3. What is the remainder when 35 is divided by x(p)?
17
Suppose -2*p + 54 = -2*r, -2*p + r + 59 = -0*p. Calculate the remainder when 7935 is divided by p.
31
Let w(b) = b**3 + 14*b**2 - 17*b - 16. Suppose 4*g = 2*c + 222, -61*g + 117 = -59*g + 5*c. Calculate the remainder when w(-14) is divided by g.
54
Let a(w) be the third derivative of w**5/30 + 35*w**4/24 - 7*w**3/6 - 10*w**2. What is the remainder when (2/4)/((-2)/(-196)) is divided by a(-18)?
5
Let i = -2080 - -2225. Calculate the remainder when i is divided by 113.
32
Suppose -101*h = -92*h - 6714. What is the remainder when h is divided by 27?
17
Let x(n) = -10*n + 84. Let c be x(8). Suppose -w + 76 = c*i - 3*w, -i + 19 = -3*w. Calculate the remainder when 107 is divided by i.
12
Let k = -3440 + 5959. Suppose k - 989 = 17*x. What is the remainder when x is divided by 47?
43
Let y(v) = -v**3 - v**2 + 67*v + 1. Let z = 306 - 190. What is the remainder when z is divided by y(-9)?
24
Suppose -15 = -5*a, -3*c + 5*a + 605 = 2*c. Suppose 312 = 4*o + 5*p, 2*o + p - 26 - c = 0. What is the remainder when o is divided by 40?
33
Suppose -1 = -7*n + 13. Let t(g) = -4*g + 2*g**2 - 9 - g**n - 3*g. What is the remainder when 14 is divided by t(-2)?
5
Calculate the remainder when 9*(-5)/(-15) - -3187 - 0/11 is divided by 152.
150
What is the remainder when ((-11340)/700)/((-9)/960) is divided by 214?
16
Suppose 3*i + i = 0. Suppose i = -n + 18 - 14. Suppose 28 = 4*o - n*v, 0*o = -2*o + 4*v + 6. Calculate the remainder when 75 is divided by o.
9
Suppose -d - l + 3*l + 23 = 0, 3*l + 69 = 3*d. Let k be (-27)/(-18)*20/3. Suppose -k*o + 22 + 28 = 0. What is the remainder when d is divided by o?
3
Let d(p) = -1 - 12*p + 3*p - 5. Suppose m + 170 = u + 2*u, 2*u - 112 = m. What is the remainder when u is divided by d(-3)?
16
Suppose 5*m + 119 = 9. Suppose -4*t - 194 = 34. Let j = m - t. What is the remainder when 139 is divided by j?
34
Let y = -53 - -46. Let v(c) = -c**3 - 7*c**